(-7). Suppose -z + b = -2. What is the units digit of z?
1
Let q = -4 - -6. Suppose 0 = -3*l - 5*x + 23, 0*x + 54 = 4*l - 5*x. Suppose l = 3*m + q. What is the units digit of m?
3
Let v(u) = -u**3 - 15*u**2 - 12*u + 5. What is the hundreds digit of v(-15)?
1
Let z be -8*2*18/(-16). Suppose z = -5*s + 2*b, 2*s + 4*b = 3*b - 9. What is the units digit of (-2)/s*32/4?
4
Let u = 9 - 2. Let b = u - 4. What is the units digit of b?
3
Suppose -2*t = -3*t + 74. What is the tens digit of t?
7
Let s(f) = -f + 2*f**3 - 3*f**3 - 3 - 4*f**2 + 2*f**2. Let c be s(-3). Suppose -5 = -2*h + c. What is the units digit of h?
7
Let o(u) be the third derivative of -u**5/60 + 2*u**4/3 - 4*u**3/3 + 4*u**2. What is the units digit of o(14)?
0
Suppose -15 = 2*r - 3*w, -2*r + 5*w - 26 + 1 = 0. Suppose r*n + 16 = -2*n. Let t = n - -17. What is the units digit of t?
9
Let z(h) = -h**2 + 33. What is the tens digit of z(0)?
3
What is the tens digit of (-6)/9 + (-262)/(-6)?
4
Let h = 1 + 0. Let i(k) = 2*k + 6*k - 5*k. What is the units digit of i(h)?
3
Suppose 0 = -o - 2 + 4. Let x = 2 - o. Suppose x = l + 4*l - 45. What is the units digit of l?
9
Let g = -2 + 5. What is the units digit of (4 + 2)*g/2?
9
Suppose -12*i - 2211 = -23*i. What is the tens digit of i?
0
Let g(y) = -y + 1. Let l(k) = -4*k + 4. Let a(q) = -7*g(q) + 2*l(q). What is the units digit of a(-7)?
8
Let k = -44 + 64. What is the tens digit of k?
2
Let j(b) = -b**3 + 4*b**2 + b - 1. Let d be j(3). Let q = 7 + d. What is the tens digit of q?
1
What is the units digit of 1/(-3)*-5*21?
5
Let j be (-3 + 3)/(2 + -1). Suppose -4*t + t + 15 = j. What is the units digit of t?
5
Suppose 0 = -2*i - 0*i + 34. Suppose i = -5*k + 137. What is the tens digit of k?
2
Let w be -2*3/2 + 2. What is the units digit of 14 + (w + 2)*0?
4
Suppose 5*l + 9 + 1 = 0. Let k be ((-5)/4)/(l/16). Suppose 2*a + 5*n - k = 0, 2*a - 3*n = -2*a + 72. What is the units digit of a?
5
Let h = 75 + -22. What is the units digit of h?
3
Let l(q) = -5*q**3 - 6*q**2 - 9*q. Let a(m) = -4*m**3 - 6*m**2 - 8*m. Let i(g) = -4*a(g) + 3*l(g). What is the tens digit of i(-4)?
1
Suppose -2*h = -5*l - 69, h - 3*l + 93 = 4*h. What is the tens digit of (-162)/(-8) - 8/h?
2
Let v be 10/40 - (-74)/(-8). What is the tens digit of 33*(12/v + 2)?
2
Let u(d) = 3*d - 8. Let b be u(6). Let s(g) = g. Let y be s(0). Suppose y*r = -2*r + b. What is the units digit of r?
5
Let r(x) = x**2 - 3*x - 10. Let v(t) = t**2 - 2*t - 10. Let g(w) = 2*r(w) - 3*v(w). What is the units digit of g(0)?
0
Let u(j) = j**2 + 2*j - 1. What is the tens digit of u(5)?
3
Suppose 5*w = 2*b + b + 305, 0 = 5*w - 2*b - 300. What is the tens digit of w?
5
Let y(v) = v**3 + 6*v**2 - 7*v + 3. Suppose -5*t + 0*t + 10 = 0. Suppose t*k - 14 = 4*k. What is the units digit of y(k)?
3
Let s(l) = 27*l - 2. What is the tens digit of s(1)?
2
Let q be 210/20 - 3/2. Let a(u) = 3*u - 6. What is the tens digit of a(q)?
2
Let h = 61 + -28. What is the units digit of h?
3
Let s(g) = -g**3 - g**2 - g + 31. What is the units digit of s(0)?
1
Suppose -4*f = -0*f - 16. Suppose -3*v + 277 = 94. Suppose -f*q + v = -c, -q + 5*c + 54 = 15. What is the tens digit of q?
1
Let q(y) = -y**3 - 8*y**2 + 11*y + 3. Let k be q(-9). What is the tens digit of ((-48)/20)/(2/k)?
1
Suppose -3*x - 2*p + 366 = 85, 0 = -4*p - 8. Let c = 148 - x. What is the tens digit of c?
5
Let l(r) = r**2 + r + 2. Let f be l(3). Suppose 2*w - 56 = f. What is the units digit of w?
5
Let h = -88 + 144. What is the units digit of h?
6
Let w = -334 + 565. What is the units digit of w?
1
Suppose -4*s - 5*j = -234, 5*s - 3*j - 89 - 185 = 0. What is the tens digit of s?
5
Suppose -2*p - 2*p + x + 79 = 0, -25 = -p + 2*x. What is the units digit of p?
9
Let x(r) be the third derivative of r**5/30 + r**4/8 + r**3/6 - 2*r**2. Let o be (2/(-4))/((-3)/(-12)). What is the units digit of x(o)?
3
Let n = -11 + 38. Let d be 2/5 + 16/10. Suppose n = d*z + z. What is the units digit of z?
9
Let h = 40 + -23. What is the tens digit of h?
1
Suppose 2*k = 2*m + 518, m = 4*k - m - 1040. What is the tens digit of k?
6
Suppose 302 = 4*m + 82. What is the tens digit of m?
5
Let h(j) = 3*j**2 - 4*j + 276. What is the hundreds digit of h(0)?
2
Let n(r) = -r**3 - 18*r**2 - 34*r + 4. What is the tens digit of n(-16)?
3
Let w = 34 - 1. What is the tens digit of w?
3
Let d = 86 - -2. What is the tens digit of d?
8
Let r(h) = -14*h - 10. Let t(l) = 9*l + 7. Let w(o) = 5*r(o) + 8*t(o). What is the tens digit of w(9)?
2
Let j = 1 + 14. What is the units digit of 36/j*(-100)/(-6)?
0
Suppose 5*i - 30 = -5*v, 16 = 4*i - 7*v + 3*v. Let u(j) = j**3 - 6*j**2 + 5*j - 1. Let d be u(i). What is the units digit of d + (-2)/((-2)/2)?
1
Suppose -4*j + b + 17 = -4*b, -2*j - 3*b = -3. Suppose j*a + 66 = 6*a. What is the units digit of a?
2
Suppose p + 3*p + 16 = 0. Let x = p - -8. Suppose -3*a - x = -19. What is the units digit of a?
5
Let k(w) = 5*w**2 - 2*w - 1. Let l be k(2). Let p = l - 36. Let y = -13 - p. What is the units digit of y?
8
Let x = 105 + -73. What is the tens digit of x?
3
Let a(j) = 3*j**3 + 3*j**2 - j - 1. What is the tens digit of a(2)?
3
Let q(c) = c**2 - 5*c - 11. What is the tens digit of q(8)?
1
Let l(i) = 4*i + 5. What is the units digit of l(8)?
7
Let b = -4 - -4. Let f(s) = b*s**2 + 7*s**2 - 1 - 6*s - s**3 + s**2. What is the units digit of f(7)?
6
Let a = -2 - 2. Let m = 0 - a. Let s(t) = 3*t - 2. What is the units digit of s(m)?
0
Let p(a) = -3*a - 1. Let f be p(-1). Let k(l) = 10*l - 3. Let t be k(f). Let i = t + -8. What is the units digit of i?
9
Let o = 42 + -19. What is the tens digit of o?
2
Let a(f) be the first derivative of f**4/4 + 14*f**3/3 - f**2 + 17*f + 10. What is the units digit of a(-14)?
5
Let u(t) be the third derivative of t**7/1260 - t**6/240 + t**5/40 + t**4/24 + t**2. Let i(j) be the second derivative of u(j). What is the units digit of i(2)?
5
Suppose -5*z + 99 = -136. What is the tens digit of z?
4
Suppose -c + 20 = -15. What is the tens digit of c?
3
Let g(j) = 1 + 0 - j**2 + 0*j**2 + 1 + 7*j. What is the units digit of g(7)?
2
What is the hundreds digit of 2 - (-119)/(-3)*(-6)/2?
1
Suppose 1 - 9 = -4*n. Suppose c = 4*c. What is the units digit of c - (-3)/2*n?
3
Let n be 5/(-20) - (-6)/(-8). What is the tens digit of (n - (3 - 14))*1?
1
What is the tens digit of (592/40)/((-2)/(-5))?
3
Suppose u - 6 = -2*k - 24, k + 33 = -2*u. What is the units digit of (4/u)/(4/(-16))?
1
Let z(b) = 9*b + 2. Let x be z(-1). What is the units digit of (-30)/x - 10/35?
4
Let o(h) = 8*h**3 - h**2 + 3*h - 3. What is the units digit of o(1)?
7
Suppose -u - 3*s - 18 = 5, 0 = -s - 3. Suppose -5*k - 5 = -15, -3*x - 5*k + 28 = 0. What is the units digit of x/u - (-24)/7?
3
Suppose -5*w + 4 + 11 = 0. Suppose -4*a = 2*k - 12, w = -5*k - 2*a + 65. What is the tens digit of k?
1
Let i(x) = -9*x - 1. Let b be i(-3). Suppose 14 + b = 4*k. What is the tens digit of k?
1
Let j(g) = g**2 - 8*g + 8. Let d be j(7). Let t(m) = 11*m. What is the units digit of t(d)?
1
Suppose -5*z - 17 = -2*f, 2*f - 4*f + 12 = -4*z. Let p = -4 - f. Suppose p = -4*b - 5 + 25. What is the units digit of b?
5
Let x be 1 - (-3 - 0)*-3. Let y = -4 - x. What is the units digit of y?
4
Let t = -67 + 114. What is the units digit of t?
7
What is the tens digit of 2/8 - 310/(-8)?
3
Suppose 2*y + 0 = -8. Let i be y/(-3)*36/8. What is the units digit of (i/(-5))/(3/(-20))?
8
What is the units digit of 39/3 + (6 - 10)?
9
Let c(o) be the third derivative of 5*o**5/12 - o**4/24 - o**3/6 + 2*o**2. Let p be c(-1). Suppose 0 = 2*g - 7 - p. What is the tens digit of g?
1
Let x(j) = -j**3 + 6*j**2 + 8*j - 4. Let m be x(7). Suppose 0 = 5*d - m*d - 3*i - 99, d - 54 = 3*i. What is the units digit of d?
5
Suppose -5*t + 8 = -27. Suppose -2*b + 1 = t. What is the units digit of 4/(-2)*6/b?
4
What is the units digit of 4*(-5)/(-20) + 232?
3
Suppose -63 = -2*f - f. Suppose 4*m + 3 = -f. What is the units digit of (64/(-12))/(4/m)?
8
Let b = -9 + 9. Let n(z) = z + 4*z + b + z - 3. What is the tens digit of n(3)?
1
Suppose -n + 6 = 2*n. Let k = n - 4. What is the units digit of (k - -16 - -1) + -3?
2
Suppose 2*f - 5 = 15. Let o = -14 + f. What is the units digit of (-22)/o - (-1)/(-2)?
5
Let v = 13 + -11. Suppose 2*j + v*j =